{"id":1451,"date":"2024-03-14T09:08:06","date_gmt":"2024-03-14T09:08:06","guid":{"rendered":"https:\/\/cmuz.unitbv.ro\/?page_id=1451"},"modified":"2024-03-14T09:08:48","modified_gmt":"2024-03-14T09:08:48","slug":"evenimente-muzicale","status":"publish","type":"page","link":"https:\/\/centrulmuzical.unitbv.ro\/index.php\/evenimente-muzicale\/","title":{"rendered":"EVENIMENTE MUZICALE"},"content":{"rendered":"\t\t<div data-elementor-type=\"wp-page\" data-elementor-id=\"1451\" class=\"elementor elementor-1451\">\n\t\t\t\t<div class=\"elementor-element elementor-element-547e6de e-flex e-con-boxed e-con e-parent\" data-id=\"547e6de\" data-element_type=\"container\" data-core-v316-plus=\"true\">\n\t\t\t\t\t<div class=\"e-con-inner\">\n\t\t\t\t<div class=\"elementor-element elementor-element-88d2d94 elementor-widget elementor-widget-heading\" data-id=\"88d2d94\" data-element_type=\"widget\" data-widget_type=\"heading.default\">\n\t\t\t\t<div class=\"elementor-widget-container\">\n\t\t\t<style>\/*! elementor - v3.20.0 - 13-03-2024 *\/\n.elementor-heading-title{padding:0;margin:0;line-height:1}.elementor-widget-heading .elementor-heading-title[class*=elementor-size-]>a{color:inherit;font-size:inherit;line-height:inherit}.elementor-widget-heading .elementor-heading-title.elementor-size-small{font-size:15px}.elementor-widget-heading .elementor-heading-title.elementor-size-medium{font-size:19px}.elementor-widget-heading .elementor-heading-title.elementor-size-large{font-size:29px}.elementor-widget-heading .elementor-heading-title.elementor-size-xl{font-size:39px}.elementor-widget-heading .elementor-heading-title.elementor-size-xxl{font-size:59px}<\/style><h2 class=\"elementor-heading-title elementor-size-default\">EVENIMENTE MUZICALE<\/h2>\t\t<\/div>\n\t\t\t\t<\/div>\n\t\t\t\t\t<\/div>\n\t\t\t\t<\/div>\n\t\t<div class=\"elementor-element elementor-element-5da09b5 e-flex e-con-boxed e-con e-parent\" data-id=\"5da09b5\" data-element_type=\"container\" data-core-v316-plus=\"true\">\n\t\t\t\t\t<div class=\"e-con-inner\">\n\t\t\t\t<div class=\"elementor-element elementor-element-80eb0e6 elementor-widget__width-initial elementor-widget elementor-widget-text-editor\" data-id=\"80eb0e6\" data-element_type=\"widget\" data-widget_type=\"text-editor.default\">\n\t\t\t\t<div class=\"elementor-widget-container\">\n\t\t\t<style>\/*! elementor - v3.20.0 - 13-03-2024 *\/\n.elementor-widget-text-editor.elementor-drop-cap-view-stacked .elementor-drop-cap{background-color:#69727d;color:#fff}.elementor-widget-text-editor.elementor-drop-cap-view-framed .elementor-drop-cap{color:#69727d;border:3px solid;background-color:transparent}.elementor-widget-text-editor:not(.elementor-drop-cap-view-default) .elementor-drop-cap{margin-top:8px}.elementor-widget-text-editor:not(.elementor-drop-cap-view-default) .elementor-drop-cap-letter{width:1em;height:1em}.elementor-widget-text-editor .elementor-drop-cap{float:left;text-align:center;line-height:1;font-size:50px}.elementor-widget-text-editor .elementor-drop-cap-letter{display:inline-block}<\/style>\t\t\t\t<p><strong>\u201cDac\u0103 nu am fi avut suflet, ni l-ar fi creat muzica.<br \/>Nici m\u0103rile, nici cerul \u015fi nici lumea toat\u0103 nu sunt un univers. Numai irealitatea muzicii\u2026\u201d\u00a0 \u00a0\u00a0<\/strong><br \/><em><strong>Emil Cioran<\/strong><\/em><\/p>\t\t\t\t\t\t<\/div>\n\t\t\t\t<\/div>\n\t\t\t\t\t<\/div>\n\t\t\t\t<\/div>\n\t\t\t\t<\/div>\n\t\t","protected":false},"excerpt":{"rendered":"<p>EVENIMENTE MUZICALE \u201cDac\u0103 nu am fi avut suflet, ni l-ar fi creat muzica.Nici m\u0103rile, nici cerul \u015fi nici lumea toat\u0103 nu sunt un univers. Numai irealitatea muzicii\u2026\u201d\u00a0 \u00a0\u00a0Emil Cioran<\/p>\n","protected":false},"author":1,"featured_media":0,"parent":0,"menu_order":0,"comment_status":"closed","ping_status":"closed","template":"page-templates\/template-pagebuilder-full-width.php","meta":{"neve_meta_sidebar":"","neve_meta_container":"","neve_meta_enable_content_width":"","neve_meta_content_width":0,"neve_meta_title_alignment":"","neve_meta_author_avatar":"","neve_post_elements_order":"","neve_meta_disable_header":"","neve_meta_disable_footer":"","neve_meta_disable_title":"","footnotes":""},"class_list":["post-1451","page","type-page","status-publish","hentry"],"_links":{"self":[{"href":"https:\/\/centrulmuzical.unitbv.ro\/index.php\/wp-json\/wp\/v2\/pages\/1451","targetHints":{"allow":["GET"]}}],"collection":[{"href":"https:\/\/centrulmuzical.unitbv.ro\/index.php\/wp-json\/wp\/v2\/pages"}],"about":[{"href":"https:\/\/centrulmuzical.unitbv.ro\/index.php\/wp-json\/wp\/v2\/types\/page"}],"author":[{"embeddable":true,"href":"https:\/\/centrulmuzical.unitbv.ro\/index.php\/wp-json\/wp\/v2\/users\/1"}],"replies":[{"embeddable":true,"href":"https:\/\/centrulmuzical.unitbv.ro\/index.php\/wp-json\/wp\/v2\/comments?post=1451"}],"version-history":[{"count":4,"href":"https:\/\/centrulmuzical.unitbv.ro\/index.php\/wp-json\/wp\/v2\/pages\/1451\/revisions"}],"predecessor-version":[{"id":1455,"href":"https:\/\/centrulmuzical.unitbv.ro\/index.php\/wp-json\/wp\/v2\/pages\/1451\/revisions\/1455"}],"wp:attachment":[{"href":"https:\/\/centrulmuzical.unitbv.ro\/index.php\/wp-json\/wp\/v2\/media?parent=1451"}],"curies":[{"name":"wp","href":"https:\/\/api.w.org\/{rel}","templated":true}]}}

<div data-elementor-type="wp-page" data-elementor-id="1451" class="elementor elementor-1451">
				<div class="elementor-element elementor-element-547e6de e-flex e-con-boxed e-con e-parent" data-id="547e6de" data-element_type="container" data-core-v316-plus="true">
					<div class="e-con-inner">
				<div class="elementor-element elementor-element-88d2d94 elementor-widget elementor-widget-heading" data-id="88d2d94" data-element_type="widget" data-widget_type="heading.default">
				<div class="elementor-widget-container">
			<style>/*! elementor - v3.20.0 - 13-03-2024 */
.elementor-heading-title{padding:0;margin:0;line-height:1}.elementor-widget-heading .elementor-heading-title[class*=elementor-size-]>a{color:inherit;font-size:inherit;line-height:inherit}.elementor-widget-heading .elementor-heading-title.elementor-size-small{font-size:15px}.elementor-widget-heading .elementor-heading-title.elementor-size-medium{font-size:19px}.elementor-widget-heading .elementor-heading-title.elementor-size-large{font-size:29px}.elementor-widget-heading .elementor-heading-title.elementor-size-xl{font-size:39px}.elementor-widget-heading .elementor-heading-title.elementor-size-xxl{font-size:59px}</style><h2 class="elementor-heading-title elementor-size-default">EVENIMENTE MUZICALE</h2>		</div>
				</div>
					</div>
				</div>
		<div class="elementor-element elementor-element-5da09b5 e-flex e-con-boxed e-con e-parent" data-id="5da09b5" data-element_type="container" data-core-v316-plus="true">
					<div class="e-con-inner">
				<div class="elementor-element elementor-element-80eb0e6 elementor-widget__width-initial elementor-widget elementor-widget-text-editor" data-id="80eb0e6" data-element_type="widget" data-widget_type="text-editor.default">
				<div class="elementor-widget-container">
			<style>/*! elementor - v3.20.0 - 13-03-2024 */
.elementor-widget-text-editor.elementor-drop-cap-view-stacked .elementor-drop-cap{background-color:#69727d;color:#fff}.elementor-widget-text-editor.elementor-drop-cap-view-framed .elementor-drop-cap{color:#69727d;border:3px solid;background-color:transparent}.elementor-widget-text-editor:not(.elementor-drop-cap-view-default) .elementor-drop-cap{margin-top:8px}.elementor-widget-text-editor:not(.elementor-drop-cap-view-default) .elementor-drop-cap-letter{width:1em;height:1em}.elementor-widget-text-editor .elementor-drop-cap{float:left;text-align:center;line-height:1;font-size:50px}.elementor-widget-text-editor .elementor-drop-cap-letter{display:inline-block}</style>				<p><strong>“Dacă nu am fi avut suflet, ni l-ar fi creat muzica.<br />Nici mările, nici cerul şi nici lumea toată nu sunt un univers. Numai irealitatea muzicii…”    </strong><br /><em><strong>Emil Cioran</strong></em></p>						</div>
				</div>
					</div>
				</div>
				</div>

<p>EVENIMENTE MUZICALE “Dacă nu am fi avut suflet, ni l-ar fi creat muzica.Nici mările, nici cerul şi nici lumea toată nu sunt un univers. Numai irealitatea muzicii…”    Emil Cioran</p>
