{"id":1261,"date":"2024-03-13T17:31:19","date_gmt":"2024-03-13T17:31:19","guid":{"rendered":"https:\/\/cmuz.unitbv.ro\/?page_id=1261"},"modified":"2024-03-14T11:03:35","modified_gmt":"2024-03-14T11:03:35","slug":"consiliu","status":"publish","type":"page","link":"https:\/\/centrulmuzical.unitbv.ro\/index.php\/consiliu\/","title":{"rendered":"Consiliu"},"content":{"rendered":"\t\t<div data-elementor-type=\"wp-page\" data-elementor-id=\"1261\" class=\"elementor elementor-1261\">\n\t\t\t\t<div class=\"elementor-element elementor-element-d0a3b1b e-flex e-con-boxed e-con e-parent\" data-id=\"d0a3b1b\" data-element_type=\"container\" data-core-v316-plus=\"true\">\n\t\t\t\t\t<div class=\"e-con-inner\">\n\t\t\t\t<div class=\"elementor-element elementor-element-059b1e1 elementor-widget elementor-widget-heading\" data-id=\"059b1e1\" data-element_type=\"widget\" data-widget_type=\"heading.default\">\n\t\t\t\t<div class=\"elementor-widget-container\">\n\t\t\t<style>\/*! elementor - v3.20.0 - 13-03-2024 *\/\n.elementor-heading-title{padding:0;margin:0;line-height:1}.elementor-widget-heading .elementor-heading-title[class*=elementor-size-]>a{color:inherit;font-size:inherit;line-height:inherit}.elementor-widget-heading .elementor-heading-title.elementor-size-small{font-size:15px}.elementor-widget-heading .elementor-heading-title.elementor-size-medium{font-size:19px}.elementor-widget-heading .elementor-heading-title.elementor-size-large{font-size:29px}.elementor-widget-heading .elementor-heading-title.elementor-size-xl{font-size:39px}.elementor-widget-heading .elementor-heading-title.elementor-size-xxl{font-size:59px}<\/style><h2 class=\"elementor-heading-title elementor-size-default\">CONSILIU<\/h2>\t\t<\/div>\n\t\t\t\t<\/div>\n\t\t\t\t\t<\/div>\n\t\t\t\t<\/div>\n\t\t<div class=\"elementor-element elementor-element-c69a943 e-flex e-con-boxed e-con e-parent\" data-id=\"c69a943\" data-element_type=\"container\" data-core-v316-plus=\"true\">\n\t\t\t\t\t<div class=\"e-con-inner\">\n\t\t\t\t<div class=\"elementor-element elementor-element-c3c5e6f elementor-widget__width-initial elementor-widget elementor-widget-text-editor\" data-id=\"c3c5e6f\" data-element_type=\"widget\" data-widget_type=\"text-editor.default\">\n\t\t\t\t<div class=\"elementor-widget-container\">\n\t\t\t<style>\/*! elementor - v3.20.0 - 13-03-2024 *\/\n.elementor-widget-text-editor.elementor-drop-cap-view-stacked .elementor-drop-cap{background-color:#69727d;color:#fff}.elementor-widget-text-editor.elementor-drop-cap-view-framed .elementor-drop-cap{color:#69727d;border:3px solid;background-color:transparent}.elementor-widget-text-editor:not(.elementor-drop-cap-view-default) .elementor-drop-cap{margin-top:8px}.elementor-widget-text-editor:not(.elementor-drop-cap-view-default) .elementor-drop-cap-letter{width:1em;height:1em}.elementor-widget-text-editor .elementor-drop-cap{float:left;text-align:center;line-height:1;font-size:50px}.elementor-widget-text-editor .elementor-drop-cap-letter{display:inline-block}<\/style>\t\t\t\t<p><strong>\u201cMuzica purific\u0103 \u00een\u021belegerea o inspir\u0103 \u021bi o \u00eenal\u021b\u0103 pe un t\u0103r\u00e2m la care nu ar putea ajunge de una singur\u0103.\u201d<\/strong><br \/><em><strong>Henry Ward Beecher<\/strong><\/em><\/p>\t\t\t\t\t\t<\/div>\n\t\t\t\t<\/div>\n\t\t\t\t\t<\/div>\n\t\t\t\t<\/div>\n\t\t<div class=\"elementor-element elementor-element-969d11c e-flex e-con-boxed e-con e-parent\" data-id=\"969d11c\" data-element_type=\"container\" data-core-v316-plus=\"true\">\n\t\t\t\t\t<div class=\"e-con-inner\">\n\t\t\t\t<div class=\"elementor-element elementor-element-d1a5dc9 elementor-widget elementor-widget-image\" data-id=\"d1a5dc9\" data-element_type=\"widget\" data-widget_type=\"image.default\">\n\t\t\t\t<div class=\"elementor-widget-container\">\n\t\t\t<style>\/*! elementor - v3.20.0 - 13-03-2024 *\/\n.elementor-widget-image{text-align:center}.elementor-widget-image a{display:inline-block}.elementor-widget-image a img[src$=\".svg\"]{width:48px}.elementor-widget-image img{vertical-align:middle;display:inline-block}<\/style>\t\t\t\t\t\t\t\t\t\t<img decoding=\"async\" width=\"187\" height=\"264\" src=\"https:\/\/centrulmuzical.unitbv.ro\/wp-content\/uploads\/2024\/03\/stela-dragulin.jpg\" class=\"attachment-medium_large size-medium_large wp-image-1281\" alt=\"\" \/>\t\t\t\t\t\t\t\t\t\t\t\t\t<\/div>\n\t\t\t\t<\/div>\n\t\t\t\t\t<\/div>\n\t\t\t\t<\/div>\n\t\t<div class=\"elementor-element elementor-element-3e7a584 e-flex e-con-boxed e-con e-parent\" data-id=\"3e7a584\" data-element_type=\"container\" data-core-v316-plus=\"true\">\n\t\t\t\t\t<div class=\"e-con-inner\">\n\t\t\t\t<div class=\"elementor-element elementor-element-4c36e7a elementor-widget__width-initial elementor-widget-mobile__width-inherit elementor-widget elementor-widget-text-editor\" data-id=\"4c36e7a\" data-element_type=\"widget\" data-widget_type=\"text-editor.default\">\n\t\t\t\t<div class=\"elementor-widget-container\">\n\t\t\t\t\t\t\t<p>Director Centrul muzical:<br \/><em><strong>Prof. dr. Stela DR\u0102GULIN<\/strong><\/em><br \/><em>Director pentru Rom\u00e2nia : <strong>American\u2013Romanian Academy for Arts and Sciences<\/strong><\/em><\/p>\t\t\t\t\t\t<\/div>\n\t\t\t\t<\/div>\n\t\t\t\t<div class=\"elementor-element elementor-element-5dd2575 elementor-widget elementor-widget-image\" data-id=\"5dd2575\" data-element_type=\"widget\" data-widget_type=\"image.default\">\n\t\t\t\t<div class=\"elementor-widget-container\">\n\t\t\t\t\t\t\t\t\t\t\t\t\t<img fetchpriority=\"high\" decoding=\"async\" width=\"225\" height=\"300\" src=\"https:\/\/centrulmuzical.unitbv.ro\/wp-content\/uploads\/2024\/03\/2-1.jpg\" class=\"attachment-medium_large size-medium_large wp-image-1303\" alt=\"\" \/>\t\t\t\t\t\t\t\t\t\t\t\t\t<\/div>\n\t\t\t\t<\/div>\n\t\t\t\t<div class=\"elementor-element elementor-element-4118859 elementor-widget__width-initial elementor-widget-mobile__width-inherit elementor-widget elementor-widget-text-editor\" data-id=\"4118859\" data-element_type=\"widget\" data-widget_type=\"text-editor.default\">\n\t\t\t\t<div class=\"elementor-widget-container\">\n\t\t\t\t\t\t\t<p><em><strong>Prof. dr. Ovidiu MARINESCU<\/strong><\/em><br \/><em>West Chester University of Pennsylvania<\/em><\/p>\t\t\t\t\t\t<\/div>\n\t\t\t\t<\/div>\n\t\t\t\t\t<\/div>\n\t\t\t\t<\/div>\n\t\t<div class=\"elementor-element elementor-element-a340dfb e-flex e-con-boxed e-con e-parent\" data-id=\"a340dfb\" data-element_type=\"container\" data-core-v316-plus=\"true\">\n\t\t\t\t\t<div class=\"e-con-inner\">\n\t\t\t\t<div class=\"elementor-element elementor-element-037b438 elementor-widget elementor-widget-image\" data-id=\"037b438\" data-element_type=\"widget\" data-widget_type=\"image.default\">\n\t\t\t\t<div class=\"elementor-widget-container\">\n\t\t\t\t\t\t\t\t\t\t\t\t\t<img decoding=\"async\" width=\"218\" height=\"300\" src=\"https:\/\/centrulmuzical.unitbv.ro\/wp-content\/uploads\/2024\/03\/3-1.jpg\" class=\"attachment-medium_large size-medium_large wp-image-1308\" alt=\"\" \/>\t\t\t\t\t\t\t\t\t\t\t\t\t<\/div>\n\t\t\t\t<\/div>\n\t\t\t\t\t<\/div>\n\t\t\t\t<\/div>\n\t\t<div class=\"elementor-element elementor-element-9e8cf13 e-flex e-con-boxed e-con e-parent\" data-id=\"9e8cf13\" data-element_type=\"container\" data-core-v316-plus=\"true\">\n\t\t\t\t\t<div class=\"e-con-inner\">\n\t\t\t\t<div class=\"elementor-element elementor-element-f4b2912 elementor-widget__width-initial elementor-widget-mobile__width-inherit elementor-widget elementor-widget-text-editor\" data-id=\"f4b2912\" data-element_type=\"widget\" data-widget_type=\"text-editor.default\">\n\t\t\t\t<div class=\"elementor-widget-container\">\n\t\t\t\t\t\t\t<p><em><strong>Misha KATZ<\/strong><\/em><br \/><em>Dirijor<\/em><\/p><p><strong><em>Director Artistic al Festivalului Interna\u021bional \u201cLes Nuits Musicales du Suquet\u201d<\/em><\/strong><br \/><strong><em>Director al proiectului \u201cCulture beyond borders\u201d<\/em><\/strong><\/p>\t\t\t\t\t\t<\/div>\n\t\t\t\t<\/div>\n\t\t\t\t\t<\/div>\n\t\t\t\t<\/div>\n\t\t<div class=\"elementor-element elementor-element-abafd1a e-flex e-con-boxed e-con e-parent\" data-id=\"abafd1a\" data-element_type=\"container\" data-core-v316-plus=\"true\">\n\t\t\t\t\t<div class=\"e-con-inner\">\n\t\t\t\t<div class=\"elementor-element elementor-element-08ce009 elementor-widget__width-initial elementor-widget elementor-widget-text-editor\" data-id=\"08ce009\" data-element_type=\"widget\" data-widget_type=\"text-editor.default\">\n\t\t\t\t<div class=\"elementor-widget-container\">\n\t\t\t\t\t\t\t\t\t\t\t\t\t<\/div>\n\t\t\t\t<\/div>\n\t\t\t\t\t<\/div>\n\t\t\t\t<\/div>\n\t\t<div class=\"elementor-element elementor-element-85e480c e-flex e-con-boxed e-con e-parent\" data-id=\"85e480c\" data-element_type=\"container\" data-core-v316-plus=\"true\">\n\t\t\t\t\t<div class=\"e-con-inner\">\n\t\t\t\t<div class=\"elementor-element elementor-element-9150ac3 elementor-widget elementor-widget-text-editor\" data-id=\"9150ac3\" data-element_type=\"widget\" data-widget_type=\"text-editor.default\">\n\t\t\t\t<div class=\"elementor-widget-container\">\n\t\t\t\t\t\t\t<p><em>In conformitate cu Regulamentul discutat \u015fi aprobat de Senatului Universit\u0103\u0163ii Transilvania din Bra\u015fov, Consiliul Onorific al Centrului Muzical format din personalit\u0103\u021bi artistice \u0219i culturale de prestigiu interna\u021bional are un rol consultativ \u015fi deliberativ pentru directorul Centrului Muzical \u00een ceea ce prive\u015fte organizarea sau acceptarea proiectelor \u015fi evenimentelor muzicale.<\/em><\/p>\t\t\t\t\t\t<\/div>\n\t\t\t\t<\/div>\n\t\t\t\t\t<\/div>\n\t\t\t\t<\/div>\n\t\t<div class=\"elementor-element elementor-element-a1cd3c9 e-flex e-con-boxed e-con e-parent\" data-id=\"a1cd3c9\" data-element_type=\"container\" data-core-v316-plus=\"true\">\n\t\t\t\t\t<div class=\"e-con-inner\">\n\t\t\t\t<div class=\"elementor-element elementor-element-63ba493 elementor-align-center elementor-widget elementor-widget-button\" data-id=\"63ba493\" data-element_type=\"widget\" data-widget_type=\"button.default\">\n\t\t\t\t<div class=\"elementor-widget-container\">\n\t\t\t\t\t<div class=\"elementor-button-wrapper\">\n\t\t\t<a class=\"elementor-button elementor-button-link elementor-size-sm\" href=\"#\" id=\"section-btn\">\n\t\t\t\t\t\t<span class=\"elementor-button-content-wrapper\">\n\t\t\t\t\t\t<span class=\"elementor-button-text\">REGULAMENT<\/span>\n\t\t<\/span>\n\t\t\t\t\t<\/a>\n\t\t<\/div>\n\t\t\t\t<\/div>\n\t\t\t\t<\/div>\n\t\t\t\t\t<\/div>\n\t\t\t\t<\/div>\n\t\t\t\t<\/div>\n\t\t","protected":false},"excerpt":{"rendered":"<p>CONSILIU \u201cMuzica purific\u0103 \u00een\u021belegerea o inspir\u0103 \u021bi o \u00eenal\u021b\u0103 pe un t\u0103r\u00e2m la care nu ar putea ajunge de una singur\u0103.\u201dHenry Ward Beecher Director Centrul muzical:Prof. dr. Stela DR\u0102GULINDirector pentru Rom\u00e2nia : American\u2013Romanian Academy for Arts and Sciences Prof. dr. Ovidiu MARINESCUWest Chester University of Pennsylvania Misha KATZDirijor Director Artistic al Festivalului Interna\u021bional \u201cLes Nuits&hellip;&nbsp;<a href=\"https:\/\/centrulmuzical.unitbv.ro\/index.php\/consiliu\/\" class=\"\" rel=\"bookmark\">Read More &raquo;<span class=\"screen-reader-text\">Consiliu<\/span><\/a><\/p>\n","protected":false},"author":1,"featured_media":0,"parent":0,"menu_order":0,"comment_status":"closed","ping_status":"closed","template":"page-templates\/template-pagebuilder-full-width.php","meta":{"neve_meta_sidebar":"","neve_meta_container":"","neve_meta_enable_content_width":"","neve_meta_content_width":0,"neve_meta_title_alignment":"","neve_meta_author_avatar":"","neve_post_elements_order":"","neve_meta_disable_header":"","neve_meta_disable_footer":"","neve_meta_disable_title":"","footnotes":""},"class_list":["post-1261","page","type-page","status-publish","hentry"],"_links":{"self":[{"href":"https:\/\/centrulmuzical.unitbv.ro\/index.php\/wp-json\/wp\/v2\/pages\/1261","targetHints":{"allow":["GET"]}}],"collection":[{"href":"https:\/\/centrulmuzical.unitbv.ro\/index.php\/wp-json\/wp\/v2\/pages"}],"about":[{"href":"https:\/\/centrulmuzical.unitbv.ro\/index.php\/wp-json\/wp\/v2\/types\/page"}],"author":[{"embeddable":true,"href":"https:\/\/centrulmuzical.unitbv.ro\/index.php\/wp-json\/wp\/v2\/users\/1"}],"replies":[{"embeddable":true,"href":"https:\/\/centrulmuzical.unitbv.ro\/index.php\/wp-json\/wp\/v2\/comments?post=1261"}],"version-history":[{"count":64,"href":"https:\/\/centrulmuzical.unitbv.ro\/index.php\/wp-json\/wp\/v2\/pages\/1261\/revisions"}],"predecessor-version":[{"id":1492,"href":"https:\/\/centrulmuzical.unitbv.ro\/index.php\/wp-json\/wp\/v2\/pages\/1261\/revisions\/1492"}],"wp:attachment":[{"href":"https:\/\/centrulmuzical.unitbv.ro\/index.php\/wp-json\/wp\/v2\/media?parent=1261"}],"curies":[{"name":"wp","href":"https:\/\/api.w.org\/{rel}","templated":true}]}}

<div data-elementor-type="wp-page" data-elementor-id="1261" class="elementor elementor-1261">
				<div class="elementor-element elementor-element-d0a3b1b e-flex e-con-boxed e-con e-parent" data-id="d0a3b1b" data-element_type="container" data-core-v316-plus="true">
					<div class="e-con-inner">
				<div class="elementor-element elementor-element-059b1e1 elementor-widget elementor-widget-heading" data-id="059b1e1" data-element_type="widget" data-widget_type="heading.default">
				<div class="elementor-widget-container">
			<style>/*! elementor - v3.20.0 - 13-03-2024 */
.elementor-heading-title{padding:0;margin:0;line-height:1}.elementor-widget-heading .elementor-heading-title[class*=elementor-size-]>a{color:inherit;font-size:inherit;line-height:inherit}.elementor-widget-heading .elementor-heading-title.elementor-size-small{font-size:15px}.elementor-widget-heading .elementor-heading-title.elementor-size-medium{font-size:19px}.elementor-widget-heading .elementor-heading-title.elementor-size-large{font-size:29px}.elementor-widget-heading .elementor-heading-title.elementor-size-xl{font-size:39px}.elementor-widget-heading .elementor-heading-title.elementor-size-xxl{font-size:59px}</style><h2 class="elementor-heading-title elementor-size-default">CONSILIU</h2>		</div>
				</div>
					</div>
				</div>
		<div class="elementor-element elementor-element-c69a943 e-flex e-con-boxed e-con e-parent" data-id="c69a943" data-element_type="container" data-core-v316-plus="true">
					<div class="e-con-inner">
				<div class="elementor-element elementor-element-c3c5e6f elementor-widget__width-initial elementor-widget elementor-widget-text-editor" data-id="c3c5e6f" data-element_type="widget" data-widget_type="text-editor.default">
				<div class="elementor-widget-container">
			<style>/*! elementor - v3.20.0 - 13-03-2024 */
.elementor-widget-text-editor.elementor-drop-cap-view-stacked .elementor-drop-cap{background-color:#69727d;color:#fff}.elementor-widget-text-editor.elementor-drop-cap-view-framed .elementor-drop-cap{color:#69727d;border:3px solid;background-color:transparent}.elementor-widget-text-editor:not(.elementor-drop-cap-view-default) .elementor-drop-cap{margin-top:8px}.elementor-widget-text-editor:not(.elementor-drop-cap-view-default) .elementor-drop-cap-letter{width:1em;height:1em}.elementor-widget-text-editor .elementor-drop-cap{float:left;text-align:center;line-height:1;font-size:50px}.elementor-widget-text-editor .elementor-drop-cap-letter{display:inline-block}</style>				<p><strong>“Muzica purifică înțelegerea o inspiră ți o înalță pe un tărâm la care nu ar putea ajunge de una singură.”</strong><br /><em><strong>Henry Ward Beecher</strong></em></p>						</div>
				</div>
					</div>
				</div>
		<div class="elementor-element elementor-element-969d11c e-flex e-con-boxed e-con e-parent" data-id="969d11c" data-element_type="container" data-core-v316-plus="true">
					<div class="e-con-inner">
				<div class="elementor-element elementor-element-d1a5dc9 elementor-widget elementor-widget-image" data-id="d1a5dc9" data-element_type="widget" data-widget_type="image.default">
				<div class="elementor-widget-container">
			<style>/*! elementor - v3.20.0 - 13-03-2024 */
.elementor-widget-image{text-align:center}.elementor-widget-image a{display:inline-block}.elementor-widget-image a img[src$=".svg"]{width:48px}.elementor-widget-image img{vertical-align:middle;display:inline-block}</style>										<img decoding="async" width="187" height="264" src="https://centrulmuzical.unitbv.ro/wp-content/uploads/2024/03/stela-dragulin.jpg" class="attachment-medium_large size-medium_large wp-image-1281" alt="" />													</div>
				</div>
					</div>
				</div>
		<div class="elementor-element elementor-element-3e7a584 e-flex e-con-boxed e-con e-parent" data-id="3e7a584" data-element_type="container" data-core-v316-plus="true">
					<div class="e-con-inner">
				<div class="elementor-element elementor-element-4c36e7a elementor-widget__width-initial elementor-widget-mobile__width-inherit elementor-widget elementor-widget-text-editor" data-id="4c36e7a" data-element_type="widget" data-widget_type="text-editor.default">
				<div class="elementor-widget-container">
							<p>Director Centrul muzical:<br /><em><strong>Prof. dr. Stela DRĂGULIN</strong></em><br /><em>Director pentru România : <strong>American–Romanian Academy for Arts and Sciences</strong></em></p>						</div>
				</div>
				<div class="elementor-element elementor-element-5dd2575 elementor-widget elementor-widget-image" data-id="5dd2575" data-element_type="widget" data-widget_type="image.default">
				<div class="elementor-widget-container">
													<img fetchpriority="high" decoding="async" width="225" height="300" src="https://centrulmuzical.unitbv.ro/wp-content/uploads/2024/03/2-1.jpg" class="attachment-medium_large size-medium_large wp-image-1303" alt="" />													</div>
				</div>
				<div class="elementor-element elementor-element-4118859 elementor-widget__width-initial elementor-widget-mobile__width-inherit elementor-widget elementor-widget-text-editor" data-id="4118859" data-element_type="widget" data-widget_type="text-editor.default">
				<div class="elementor-widget-container">
							<p><em><strong>Prof. dr. Ovidiu MARINESCU</strong></em><br /><em>West Chester University of Pennsylvania</em></p>						</div>
				</div>
					</div>
				</div>
		<div class="elementor-element elementor-element-a340dfb e-flex e-con-boxed e-con e-parent" data-id="a340dfb" data-element_type="container" data-core-v316-plus="true">
					<div class="e-con-inner">
				<div class="elementor-element elementor-element-037b438 elementor-widget elementor-widget-image" data-id="037b438" data-element_type="widget" data-widget_type="image.default">
				<div class="elementor-widget-container">
													<img decoding="async" width="218" height="300" src="https://centrulmuzical.unitbv.ro/wp-content/uploads/2024/03/3-1.jpg" class="attachment-medium_large size-medium_large wp-image-1308" alt="" />													</div>
				</div>
					</div>
				</div>
		<div class="elementor-element elementor-element-9e8cf13 e-flex e-con-boxed e-con e-parent" data-id="9e8cf13" data-element_type="container" data-core-v316-plus="true">
					<div class="e-con-inner">
				<div class="elementor-element elementor-element-f4b2912 elementor-widget__width-initial elementor-widget-mobile__width-inherit elementor-widget elementor-widget-text-editor" data-id="f4b2912" data-element_type="widget" data-widget_type="text-editor.default">
				<div class="elementor-widget-container">
							<p><em><strong>Misha KATZ</strong></em><br /><em>Dirijor</em></p><p><strong><em>Director Artistic al Festivalului Internațional “Les Nuits Musicales du Suquet”</em></strong><br /><strong><em>Director al proiectului “Culture beyond borders”</em></strong></p>						</div>
				</div>
					</div>
				</div>
		<div class="elementor-element elementor-element-abafd1a e-flex e-con-boxed e-con e-parent" data-id="abafd1a" data-element_type="container" data-core-v316-plus="true">
					<div class="e-con-inner">
				<div class="elementor-element elementor-element-08ce009 elementor-widget__width-initial elementor-widget elementor-widget-text-editor" data-id="08ce009" data-element_type="widget" data-widget_type="text-editor.default">
				<div class="elementor-widget-container">
													</div>
				</div>
					</div>
				</div>
		<div class="elementor-element elementor-element-85e480c e-flex e-con-boxed e-con e-parent" data-id="85e480c" data-element_type="container" data-core-v316-plus="true">
					<div class="e-con-inner">
				<div class="elementor-element elementor-element-9150ac3 elementor-widget elementor-widget-text-editor" data-id="9150ac3" data-element_type="widget" data-widget_type="text-editor.default">
				<div class="elementor-widget-container">
							<p><em>In conformitate cu Regulamentul discutat şi aprobat de Senatului Universităţii Transilvania din Braşov, Consiliul Onorific al Centrului Muzical format din personalități artistice și culturale de prestigiu internațional are un rol consultativ şi deliberativ pentru directorul Centrului Muzical în ceea ce priveşte organizarea sau acceptarea proiectelor şi evenimentelor muzicale.</em></p>						</div>
				</div>
					</div>
				</div>
		<div class="elementor-element elementor-element-a1cd3c9 e-flex e-con-boxed e-con e-parent" data-id="a1cd3c9" data-element_type="container" data-core-v316-plus="true">
					<div class="e-con-inner">
				<div class="elementor-element elementor-element-63ba493 elementor-align-center elementor-widget elementor-widget-button" data-id="63ba493" data-element_type="widget" data-widget_type="button.default">
				<div class="elementor-widget-container">
					<div class="elementor-button-wrapper">
			<a class="elementor-button elementor-button-link elementor-size-sm" href="#" id="section-btn">
						<span class="elementor-button-content-wrapper">
						<span class="elementor-button-text">REGULAMENT</span>
		</span>
					</a>
		</div>
				</div>
				</div>
					</div>
				</div>
				</div>

<p>CONSILIU “Muzica purifică înțelegerea o inspiră ți o înalță pe un tărâm la care nu ar putea ajunge de una singură.”Henry Ward Beecher Director Centrul muzical:Prof. dr. Stela DRĂGULINDirector pentru România : American–Romanian Academy for Arts and Sciences Prof. dr. Ovidiu MARINESCUWest Chester University of Pennsylvania Misha KATZDirijor Director Artistic al Festivalului Internațional “Les Nuits&hellip;&nbsp;<a href="https://centrulmuzical.unitbv.ro/index.php/consiliu/" class="" rel="bookmark">Read More &raquo;<span class="screen-reader-text">Consiliu</span></a></p>
